7 is divided by 105.
92
What is the remainder when 323 is divided by 36?
35
Calculate the remainder when 249 is divided by 28.
25
Calculate the remainder when 30 is divided by 19.
11
Calculate the remainder when 558 is divided by 28.
26
What is the remainder when 156 is divided by 20?
16
What is the remainder when 1250 is divided by 45?
35
What is the remainder when 573 is divided by 133?
41
What is the remainder when 146 is divided by 41?
23
What is the remainder when 481 is divided by 171?
139
What is the remainder when 5053 is divided by 13?
9
Calculate the remainder when 638 is divided by 5.
3
What is the remainder when 175 is divided by 90?
85
Calculate the remainder when 3190 is divided by 57.
55
What is the remainder when 108 is divided by 35?
3
What is the remainder when 6574 is divided by 25?
24
Calculate the remainder when 4722 is divided by 19.
10
What is the remainder when 1220 is divided by 166?
58
Calculate the remainder when 651 is divided by 204.
39
Calculate the remainder when 288 is divided by 254.
34
Calculate the remainder when 450 is divided by 7.
2
What is the remainder when 2379 is divided by 149?
144
Calculate the remainder when 12128 is divided by 4042.
2
Calculate the remainder when 257 is divided by 70.
47
What is the remainder when 978 is divided by 278?
144
What is the remainder when 332 is divided by 29?
13
What is the remainder when 147 is divided by 10?
7
Calculate the remainder when 3907 is divided by 24.
19
What is the remainder when 733 is divided by 411?
322
What is the remainder when 1797 is divided by 50?
47
Calculate the remainder when 294 is divided by 125.
44
Calculate the remainder when 800 is divided by 35.
30
Calculate the remainder when 200 is divided by 95.
10
What is the remainder when 1751 is divided by 12?
11
Calculate the remainder when 1908 is divided by 10.
8
Calculate the remainder when 1380 is divided by 48.
36
What is the remainder when 152 is divided by 40?
32
Calculate the remainder when 738 is divided by 68.
58
What is the remainder when 45 is divided by 12?
9
What is the remainder when 661 is divided by 38?
15
What is the remainder when 175 is divided by 34?
5
Calculate the remainder when 143 is divided by 35.
3
What is the remainder when 3127 is divided by 262?
245
What is the remainder when 333 is divided by 36?
9
What is the remainder when 3705 is divided by 149?
129
What is the remainder when 261 is divided by 68?
57
What is the remainder when 2987 is divided by 10?
7
What is the remainder when 797 is divided by 38?
37
Calculate the remainder when 216 is divided by 53.
4
What is the remainder when 646 is divided by 12?
10
What is the remainder when 408 is divided by 59?
54
Calculate the remainder when 302 is divided by 19.
17
Calculate the remainder when 671 is divided by 234.
203
Calculate the remainder when 1495 is divided by 22.
21
What is the remainder when 809 is divided by 33?
17
What is the remainder when 8785 is divided by 10?
5
Calculate the remainder when 1245 is divided by 125.
120
What is the remainder when 681 is divided by 57?
54
What is the remainder when 521 is divided by 62?
25
Calculate the remainder when 322 is divided by 65.
62
What is the remainder when 347 is divided by 62?
37
What is the remainder when 107 is divided by 23?
15
Calculate the remainder when 928 is divided by 62.
60
What is the remainder when 606 is divided by 117?
21
What is the remainder when 4703 is divided by 48?
47
Calculate the remainder when 4773 is divided by 46.
35
Calculate the remainder when 7713 is divided by 12.
9
What is the remainder when 1440 is divided by 181?
173
What is the remainder when 1014 is divided by 145?
144
What is the remainder when 2990 is divided by 44?
42
What is the remainder when 10 is divided by 9?
1
What is the remainder when 747 is divided by 50?
47
Calculate the remainder when 137 is divided by 14.
11
What is the remainder when 443 is divided by 142?
17
Calculate the remainder when 359 is divided by 15.
14
Calculate the remainder when 55 is divided by 22.
11
What is the remainder when 1808 is divided by 601?
5
Calculate the remainder when 5397 is divided by 100.
97
Calculate the remainder when 10240 is divided by 122.
114
What is the remainder when 531 is divided by 61?
43
What is the remainder when 942 is divided by 59?
57
Calculate the remainder when 592 is divided by 18.
16
What is the remainder when 733 is divided by 16?
13
What is the remainder when 467 is divided by 118?
113
What is the remainder when 773 is divided by 60?
53
What is the remainder when 256 is divided by 67?
55
What is the remainder when 379 is divided by 171?
37
What is the remainder when 29 is divided by 10?
9
What is the remainder when 123 is divided by 31?
30
Calculate the remainder when 1494 is divided by 100.
94
Calculate the remainder when 106 is divided by 58.
48
Calculate the remainder when 1306 is divided by 196.
130
What is the remainder when 77 is divided by 47?
30
What is the remainder when 153 is divided by 22?
21
What is the remainder when 220 is divided by 33?
22
What is the remainder when 32546 is divided by 103?
101
What is the remainder when 4894 is divided by 38?
30
What is the remainder when 194 is divided by 14?
12
Calculate the remainder when 1137 is divided by 12.
9
Calculate the remainder when 318 is divided by 107.
104
What is the remainder when 212 is divided by 25?
12
Calculate the remainder when 552 is divided by 37.
34
Calculate the remainder when 921 is divided by 7.
4
What is the remainder when 86 is divided by 62?
24
What is the remainder when 253 is divided by 32?
29
Calculate the remainder when 264 is divided by 145.
119
Calculate the remainder when 4696 is divided by 27.
25
Calculate the remainder when 2204 is divided by 96.
92
What is the remainder when 185 is divided by 12?
5
Calculate the remainder when 370 is divided by 58.
22
What is the remainder when 8 is divided by 3?
2
Calculate the remainder when 271 is divided by 21.
19
What is the remainder when 324 is divided by 13?
12
Calculate the remainder when 19653 is divided by 31.
30
What is the remainder when 115 is divided by 47?
21
Calculate the remainder when 645 is divided by 34.
33
What is the remainder when 455 is divided by 17?
13
Calculate the remainder when 176 is divided by 50.
26
What is the remainder when 211 is divided by 32?
19
Calculate the remainder when 4795 is divided by 22.
21
What is the remainder when 56 is divided by 20?
16
Calculate the remainder when 823 is divided by 12.
7
What is the remainder when 414 is divided by 97?
26
What is the remainder when 483 is divided by 11?
10
What is the remainder when 22 is divided by 10?
2
Calculate the remainder when 181 is divided by 5.
1
Calculate the remainder when 1746 is divided by 73.
67
Calculate the remainder when 655 is divided by 241.
173
Calculate the remainder when 19 is divided by 11.
8
What is the remainder when 765 is divided by 248?
21
Calculate the remainder when 635 is divided by 106.
105
What is the remainder when 599 is divided by 306?
293
What is the remainder when 66 is divided by 16?
2
Calculate the remainder when 199 is divided by 10.
9
Calculate the remainder when 99 is divided by 34.
31
Calculate the remainder when 373 is divided by 27.
22
Calculate the remainder when 285 is divided by 24.
21
Calculate the remainder when 537 is divided by 176.
9
What is the remainder when 298 is divided by 43?
40
What is the remainder when 1197 is divided by 90?
27
What is the remainder when 252 is divided by 23?
22
Calculate the remainder when 148 is divided by 18.
4
Calculate the remainder when 743 is divided by 93.
92
Calculate the remainder when 592 is divided by 555.
37
What is the remainder when 686 is divided by 43?
41
Calculate the remainder when 2261 is divided by 58.
57
Calculate the remainder when 399 is divided by 104.
87
What is the remainder when 435 is divided by 51?
27
Calculate the remainder when 357 is divided by 9.
6
What is the remainder when 6162 is divided by 46?
44
What is the remainder when 674 is divided by 49?
37
What is the remainder when 775 is divided by 8?
7
What is the remainder when 121 is divided by 18?
13
Calculate the remainder when 893 is divided by 154.
123
Calculate the remainder when 3